*q - 3. Calculate i(q).
-14
Suppose 84*n = 79*n + 10. Let s be -6 + (-4)/(-2) + n. Let l(g) = -2*g**3 - 3*g**2 - 2*g + 2. What is l(s)?
10
Suppose 301*b + 144 = 302*b. Let k = 146 - b. Let l(c) = -6*c**3 + 19*c**3 + 4*c**2 - 9*c**2 + 6*c**k. Determine l(-1).
-12
Let i be 4/124*(-1829)/(-118). Let t(o) be the first derivative of 3*o + i*o**2 - 1/3*o**3 - 5. Give t(3).
-3
Let v(z) = 5*z**2 + 6*z + z**3 - 3*z - z**2 + 0*z**2 - 1. Suppose 28*y = 8*y - 60. Calculate v(y).
-1
Let l(x) be the second derivative of x**4/4 - x**3/2 - x**2 + 1880*x + 1. Determine l(2).
4
Let z(a) = 3*a + 10. Let r be (-3)/(108/30)*-6. Let n(g) = -2*g - 9. Let b(v) = r*n(v) + 4*z(v). Calculate b(6).
7
Let g(h) = -11*h**2 + 19*h + 5. Let n(o) = -5*o**2 + 9*o + 2. Let t be (-18)/(-12) - ((-15)/6 + 1). Let s(l) = t*g(l) - 7*n(l). Calculate s(4).
9
Let s(x) be the second derivative of 5*x**3/6 - 7*x**2/2 - 44*x + 22. Give s(3).
8
Let d(b) be the third derivative of b**6/30 + 2*b**5/15 + b**4/8 + 7*b**3/6 + b**2 - 337. Calculate d(-2).
1
Let b be (6*12/(-18))/(1 + -3). Let i(x) = -8*x**2 - x**2 - 7*x**b + 15*x**2 - 2 + 8*x. Determine i(8).
-2
Let f(b) = -b**3 + 7*b**2 - 6*b. Let a = -213 - -123. Let d = a + 114. Suppose 9*k + d = 13*k. Give f(k).
0
Let j(p) = p + 8. Suppose -4*d - 2*r = 90, -d - 4*r - 80 = 3*d. Let k be (144/(-60))/((-10)/d). What is j(k)?
2
Let h(a) be the second derivative of 3*a**4/4 - 2*a**3/3 + 7*a**2/2 + 2549*a. Calculate h(2).
35
Let n(o) = -o + 3. Let a(s) = 2*s - 7. Let h(p) = a(p) + 4*n(p). Let y(w) = w**2 + 16*w + 55. Let z be y(-12). Calculate h(z).
-9
Let w(p) be the third derivative of -p**6/120 + p**5/5 - 11*p**4/24 + 7*p**3/3 - 24*p**2 + 11*p. Calculate w(11).
14
Suppose -10 = 7*h - 934. Let m(i) = -2 + 135*i - 1 + 5 - h*i. Give m(-1).
-1
Let h(z) be the first derivative of -z**3/3 - 3*z + 2423. Let t(d) = d + 4. Let y be t(-9). Calculate h(y).
-28
Let o(y) = -y**3 + 4*y**2 - 3*y - 4. Suppose -8 = -4*l + 2*l. Suppose 0 = q + 2, -5*q = l*u - 1 - 1. What is o(u)?
-4
Let r(x) be the third derivative of -2*x**2 - 60 + 0*x - 1/12*x**4 - 1/2*x**3 - 1/20*x**5 - 1/40*x**6. What is r(-2)?
13
Let a(g) = 14*g**2 + 58*g + 60*g - 2 - 190*g + 62*g. Let c(p) = -6*p**2 + 4*p + 1. Let b(d) = 5*a(d) + 12*c(d). What is b(1)?
-2
Let c be -11 + 37 + (-17 - -9). Let u(m) = 4*m - 45. Give u(c).
27
Let n(l) = -28 + 163*l - 45*l - 47*l - 36*l - 40*l. What is n(-30)?
122
Suppose -3*z - 8 = -2*d, 6*d = 3*z + 11*d + 43. Let h(j) = 3*j**2 - 5*j + 4. Let p(l) = 2*l**2 - 5*l + 4. Let r(i) = -3*h(i) + 4*p(i). Give r(z).
-2
Let n(i) = -i**3 - 9*i**2 - 21*i - 15. Let x(y) = -y**2 + 125*y - 2106. Let m be x(105). Give n(m).
3
Suppose 4*c - 45 = -17. Suppose 3*m - 30 = -4*u - u, -u = -2*m + c. Let v(l) = -6*l**2 - 3 - 3 + l**u + 4 - 4. Calculate v(6).
-6
Let s(q) be the third derivative of 1/15*q**6 + 0*q**5 + 1/6*q**3 - 15*q**2 + 0*q**4 + 0*q + 0. Suppose -29 + 5 = 4*l + 4*o, 2*l = -4*o - 22. What is s(l)?
-7
Let l(o) = -40*o + 78. Suppose 3167*q = 3228*q - 183. What is l(q)?
-42
Let w(r) = -60*r + 9234. Let x be w(154). Let u(c) = -c**3 - 7*c**2 + 17*c + 141. Determine u(x).
3
Let q(g) = -g**3 + 8*g**2 + g. Let a be q(8). Let z = a - 3. Let l(p) be the first derivative of p**2 - 7*p - 869. Calculate l(z).
3
Let a(b) = b**3 - b**2 - 9*b - 17. Let v(x) = -x**3 + 4*x**2 + 5*x + 47. Let f be v(6). Determine a(f).
38
Let x(o) = 4*o - 2. Let h(d) = 12*d - 6. Let m(b) = -2*h(b) + 7*x(b). Let c be ((-9)/(-6) - 1)*8. Suppose 3*l - 3*z - 4 = -z, l - 6 = -c*z. Give m(l).
6
Let z = -3059 + 3058. Let m(f) be the second derivative of 2*f**4/3 - f**3/6 + 2*f. Give m(z).
9
Let k(s) = -9*s - 160. Let u be (6/(-8))/((30/540)/(16/12)). Determine k(u).
2
Let g(w) = -w**3 - 5*w**2 + 3*w - 2. Suppose 4*y + 0*k + k + 934 = 0, y - 2*k = -229. Let r = y + 227. What is g(r)?
16
Suppose 20 = -4*o, -3*o - o = 2*a - 168. Let w(j) = -a*j**2 + 187*j**2 - 3 - 3 - 92*j**2 - 12*j. Calculate w(12).
-6
Let d(m) = m + 8. Suppose 2*s - 5 - 19 = 0. Suppose -2*n + 2*g = 7*g + s, 4*g = n - 20. Suppose -4*a + 9*a - 4*t = -55, -n*t = 4*a + 8. Determine d(a).
1
Let m(z) = -4 - z**3 + 11 + 14*z + 15*z**2 - 5*z. Determine m(16).
-105
Let w(h) = 18*h**3 - 10*h**3 + 13 - 22*h - 10*h**3 + 3*h**3 + 6*h - 17*h**2. Determine w(18).
49
Let f be 1*(0 - (-28)/4). Suppose -3*m = -2*c - 41, 2*m = m + 4*c + 17. Let l(q) = -36*q + 13*q - 7 + m*q + f*q. Give l(-8).
17
Let m = -2606 - -2607. Let u(f) = -36*f + 2. Determine u(m).
-34
Suppose -6*f + 64 - 10 = 0. Suppose -23*d - f = -26*d. Let r(h) = 2*h**2 + 0*h - 4*h**2 + h. What is r(d)?
-15
Let t(c) be the first derivative of c**2/2 - 8*c + 138910. Let u = 23 - 12. Determine t(u).
3
Let s(k) = -2*k**2 + 10. Let t(d) = 2*d + 7. Let w be t(-2). Determine s(w).
-8
Let y(f) = 619*f + f**2 - 622*f - 26 - 166 + 12 + 7. What is y(15)?
7
Let x(s) = -10 - 8 + 5*s**2 - 10 - s - s + 29. Let b = 3 - 3. Let k be (-2 - b) + -1 + 4. Calculate x(k).
4
Suppose -12 = -4*i - 0*i. Let r = i - 12. Let f(j) = 4 - 68689*j**2 + 0*j**3 + 68681*j**2 - j**3 + 9*j. Calculate f(r).
4
Suppose 2*f - 18 = -4*h, 4*f = 2*h + 8 - 2. Suppose 2*i + m - 20 = 0, -27 = -2*i - h*m - 3. Let g(l) = l**3 - 8*l**2 - 7*l - 4. Give g(i).
14
Let i(j) be the second derivative of -j**4/6 + 67*j**3/6 + 31*j**2/2 - 1001*j. Give i(34).
-3
Let w(q) be the third derivative of 5*q**4/24 + 7*q**3/6 + 28550*q**2. Let i(m) = -m**3 + 2*m**2 + 4. Let x be i(3). Calculate w(x).
-18
Suppose -15*h - 252 = -18*h - 33*h. Let i(x) be the third derivative of x**4/6 - 7*x**3/6 - x**2. Give i(h).
21
Let h(u) = 7*u**2 - 72*u + 37. Let r be h(10). Let d(w) = -w**3 + 17*w**2 - 3*w + 35. Determine d(r).
-16
Let c(r) = 10*r**2 - 7. Let t(j) = -6*j**2 + 5. Let v(u) = -5*c(u) - 7*t(u). Let s(o) = -o**2 + 13*o + 23. Let y be s(16). Let i = -24 - y. Determine v(i).
-8
Let l(r) = -r - 41. Let y = -31967 - -31942. Determine l(y).
-16
Let o(b) = b**2 - 1. Suppose -3*l = -w - 2*w, 5*l + 4*w - 36 = 0. Suppose 14 = -2*c + l*j, 0 = -5*c + 6*j - 2*j - 5. Let g be o(c). Let u(v) = v - 8. Give u(g).
0
Suppose 2*n = 5*x - 211 + 175, 5*n - 5*x + 75 = 0. Let j(r) = r**2 + 10*r - 23. Give j(n).
16
Suppose -2*j - 1043 = -h - 1057, 2*h = 5*j - 37. Suppose 0 = -3*p + 1 + 2. Let t(b) = 2*b + b**2 - p - b - 2*b. What is t(h)?
11
Let q(o) = o**2 + 9*o - 10. Let k(g) = g**3 + 11*g**2 + 31*g + 22. Let z be k(-10). Let w = 178 + z. What is q(w)?
0
Let u(s) = -3 - 5*s**2 + 2 - 3*s + 4*s**2 + 3. Suppose -6*w + 9*w = -18. Let d be (3 - 1)/(w/12). Calculate u(d).
-2
Suppose 0 = -152*r + 93*r + 42 + 135. Let y(v) = v**3 - 2*v**2 + 6*v - 7. Determine y(r).
20
Let x = -19949 + 19945. Let a(o) = 3*o**2 + 11*o - 6. What is a(x)?
-2
Let b(q) = q**3 - 174*q**2 - 539*q + 1431. Let o be b(177). Let p(g) = -g**2 + 22*g - 113. What is p(o)?
-8
Let m(n) = 2*n + 3. Suppose -37 + 1 = -3*y. Let a be (y/5)/((-7)/(-35)). Suppose -19*u - a = -15*u. What is m(u)?
-3
Let o(d) = d + 19. Let h(w) = -w + 1. Let y(t) = -h(t) + o(t). Suppose -3*b - 24 = 12. Let k be y(b). Let q(l) = 3*l - 2. Determine q(k).
-20
Let w(u) = -7*u. Let a(n) = -n - 1. Let r(k) = -6*a(k) + w(k). Let l be (13 - (-5 - -11)) + -7. Calculate r(l).
6
Let z be 25109/(-884) - 1/(-4) - (-4)/26. Let y(p) = -7*p - 215. Determine y(z).
-19
Let g be ((-10)/240*-8)/((-4)/(-24)). Let f(j) = -6*j**2 + 6. What is f(g)?
-18
Let c(x) = -x**2 - 4*x - 4. Suppose 4*b = 3*w + 1, 21*w = 24*w - 3*b - 3. Suppose 2*r + 23 = w*j, 3*r + 5*j + 1 = 4. What is c(r)?
-4
Let w(h) = -h. Let c = -133 + 378. Let r = -243 + c. Determine w(r).
-2
Let u = 50 + -121. Let f = u + 44. Let i be 5/10 - f/6. Let o(n) = n**3 - 4*n**2 - 4*n + 2. What is o(i)?
7
Let z(c) = -14*c + 13. Let x(h) = -17*h + 15. Let u = -226 - -232. Let t(l) = u*z(l) - 5*x(l). Calculate t(2).
5
Let t(a) = -8*a + 5*a + 7*a - 13 - 6*a. Let v(r) = -r - 8. Let w be v(2). Calculate t(w).
7
Suppose 5*z + 29 = -3*q, 2*z - 3*z - 16 = 4*q. Let l be (8/(16/(-6)))/(-1) - z. Let m(c) = c**2 - 8*c + 5. Give m(l).
-2
Let z(s) = -4516*s + 9037*s - 4520*s - 17. Calculate z(12).
-5
Let i(z) = -6*z**2 - 12*z + 25. Let h be i(-3). Let r(s) = -s**2 + 5*s + 8. What is r(h)?
-6
Let f(l) = -4*l - 8. Let p(g) = -3*g - 6. Let k(o) = 2*f(o) - 3*p(o). Let y be k(7). Let s(h) = h**3 - 10*h**2 + 9*h + 11. Give s(y).
11
Let q(d) =